rs of m.
2, 5, 11
Suppose 36*q - 39*q + 723 = 0. What are the prime factors of q?
241
Let p be 15/(-10)*50*-1. Let y = p - 54. List the prime factors of y.
3, 7
Let o(v) = v - 1. Let a be o(4). Suppose a*i - i - 10 = 0. Let p = 7 - i. What are the prime factors of p?
2
Let q(l) = l**2 - 5*l + 3. Suppose h = 2 + 5. Let g be h - (-1)/((-3)/6). What are the prime factors of q(g)?
3
Let o(x) = -x**2 + 5*x - 4. Let b be o(4). Suppose b = 5*i + 78 + 12. List the prime factors of (-40)/i + 4/(-18).
2
Let b be ((-2)/(-4))/(3/18). Suppose b*k = 2*f - 0*k - 10, 3*k = f - 5. Suppose -2*z - 1 = -v, f*v + z + 2*z = 44. List the prime factors of v.
7
Suppose i = -2*m + 2*i - 94, -88 = 2*m + 2*i. Let d = -26 - m. What are the prime factors of d?
2, 5
Let p = 355 + -144. What are the prime factors of p?
211
Let l be 6/(-18) + 2/6. Let z be (-34)/(-8) + (-2)/8. Let r = z + l. List the prime factors of r.
2
Let t = 38 + 77. What are the prime factors of t?
5, 23
Let m(g) = -g - 12. Suppose -2*s + 5*b - 13 = 0, -2*s - 22 = -0*b + 4*b. Let u be m(s). Let t = u + 7. List the prime factors of t.
2
Let r(c) be the third derivative of c**4/24 + 5*c**3/6 + 3*c**2. Let d be r(-6). Let u = d + 3. List the prime factors of u.
2
Suppose -3*m - 1254 = -14*m. What are the prime factors of m?
2, 3, 19
Let p be 15/(-10)*52/(-3). List the prime factors of (-10 + 7)/((-2)/p).
3, 13
Suppose 2*m - 2*k = 494, 3*m - 5*k - 737 = -0*k. List the prime factors of m.
3, 83
Suppose 5*m - 4*i = m + 148, 4*i = -12. Let p = -15 + m. List the prime factors of p.
19
Suppose 3*b = 2*d + 3*d - 19, 4*d - 2*b = 14. Suppose -5*k + 4*p + 2 = -d, -5*k = 3*p - 32. Suppose 11 = k*a - 21. List the prime factors of a.
2
Let d(v) = v**3 + 7*v**2 + 7*v + 5. Let t be d(-6). What are the prime factors of 1 - 1 - (-3 + t)?
2
Let d(q) = -14*q. What are the prime factors of d(-3)?
2, 3, 7
Let n = -31 - -46. Let s be 81/n + (-2)/5. What are the prime factors of (10/1)/(5/s)?
2, 5
Let o(x) = -5*x**3 - 3*x**2 - 8*x + 6. Let u(l) = -4*l**3 - 4*l**2 - 7*l + 6. Let p(i) = 3*o(i) - 4*u(i). What are the prime factors of p(-6)?
2, 3
Let z be 160/25 + 4/(-10). Suppose -4*h + z = -3*h. What are the prime factors of h?
2, 3
Suppose -21*t + 24*t - 228 = 0. List the prime factors of t.
2, 19
Suppose 3*g + 11 + 19 = 0. Let d = g + 18. List the prime factors of d.
2
Suppose 2*i + 4*t + 8 = 4*i, 0 = -2*i + 2*t + 12. Let g(x) = x + 2. List the prime factors of g(i).
2, 5
Let s be 1*(-17 + 4 + 4). List the prime factors of (-3 + s)/(-4) + 11.
2, 7
Let h(p) = 5*p**2 + p - 1. What are the prime factors of h(-2)?
17
Let t be (-3 - -2)/(2/(-10)). Suppose -7 = t*r + 3. Let u = r + 12. List the prime factors of u.
2, 5
Let b = 179 + -80. What are the prime factors of b?
3, 11
What are the prime factors of 4788/56*2*1?
3, 19
Let n = 6 + -2. Suppose -n + 2 = -2*p. List the prime factors of (2/p)/(4/20).
2, 5
Suppose f = -2*j + 3 - 1, 5*j - 5 = 0. Let g = f + 0. Suppose 4 = -g*u + u. What are the prime factors of u?
2
Suppose -4*q + 285 + 139 = 4*s, -q + 3*s + 94 = 0. Let t = 148 - q. List the prime factors of t.
3, 5
Let i(z) = -z**2 + 7*z + 8. Let c be i(7). Suppose 6*w - c = 5*w. List the prime factors of 14/w - 3/(-12).
2
Suppose 4*n = 2*t + 2*t - 140, 0 = -4*n - 4. What are the prime factors of t?
2, 17
Suppose 285 - 1209 = -6*q. List the prime factors of q.
2, 7, 11
Let w(b) = b + 6. Let i be w(0). Suppose 4 = 2*x - i. Suppose j - 5*v - 15 = 0, 5 = 4*j - j + x*v. What are the prime factors of j?
5
Suppose 6*s - 2*s = 3*h - 645, h + 3*s - 228 = 0. List the prime factors of h.
3, 73
Suppose -686 = -7*c + 119. List the prime factors of c.
5, 23
Let b = 0 - -4. Let q = b - -10. What are the prime factors of q?
2, 7
Let l(k) be the second derivative of k**4/6 - 2*k**3/3 - k**2 - k. Let m(g) = g**2 - 2*g + 1. Let c be m(3). List the prime factors of l(c).
2, 7
Suppose 156 = -d + 5*d. What are the prime factors of d?
3, 13
Let j = -3 + 7. Suppose j*v - 20 = 4*h, 4*v + 2*h - 4*h = 18. Suppose g + v*g = 55. List the prime factors of g.
11
Suppose -3*u - c - 3*c + 27 = 0, 2*u + 4*c - 22 = 0. Suppose -u*s + 256 - 76 = 0. List the prime factors of s.
2, 3
Suppose -2*s = -7*s + 35. Let m be 3 - -13*(-3 + s). Suppose 3*i + 16 - m = 0. List the prime factors of i.
13
Suppose 5*d + 5*p = 413 + 302, -5*d = -5*p - 745. What are the prime factors of d?
2, 73
Suppose -4*d + 3*d + 24 = 0. What are the prime factors of d?
2, 3
Let y = -13 - -23. Suppose -2*x = -98 + y. What are the prime factors of x?
2, 11
Suppose -4*d + d + 5*g + 31 = 0, 2*g = 2*d - 18. What are the prime factors of d?
7
Suppose -4*y + 15 = -17. List the prime factors of y.
2
Let f = 45 + -16. List the prime factors of f.
29
List the prime factors of (-4 + 30/(-12))*-2.
13
Let f(w) = -w**2 - 4*w. Let r be f(-4). Let s = -2 + 5. What are the prime factors of 1/(s/(33 - r))?
11
Suppose -5*q = -4*q - 114. Suppose -o + 55 = -0*o + 2*i, -2*o - 5*i = -q. List the prime factors of o.
47
Let l(x) = -x**2 - 8*x + 13. Suppose -4*z + 28 = -8*z. What are the prime factors of l(z)?
2, 5
List the prime factors of 10/(-4)*16/(-20).
2
Suppose -9*q + 71 = -8*q. What are the prime factors of q?
71
Let r = 309 - 181. List the prime factors of r.
2
Suppose 2*y = 5*y - 240. Suppose 4*m = -m + y. What are the prime factors of m?
2
Suppose 715 = 4*v - 157. List the prime factors of v.
2, 109
Suppose 2*h + 2*r - 8 = -0*r, 0 = r - 1. Suppose -h*a + 0 = -9. List the prime factors of a.
3
Let o(m) = 13*m - 1. Let u(y) = -6*y. Let h(z) = -3*o(z) - 7*u(z). What are the prime factors of h(5)?
2, 3
Suppose 12 + 72 = 7*n. List the prime factors of n.
2, 3
Let d(f) = 47*f - 4. List the prime factors of d(3).
137
Let h = -19 - -26. What are the prime factors of h?
7
Let f = -11 - -15. Suppose 3 + 13 = f*i. List the prime factors of i.
2
Let i = -17 + 72. Suppose i = 3*s - 2*c, -4*s - 24 + 101 = c. What are the prime factors of s?
19
Suppose 0 = s - 2*s - 6. What are the prime factors of -3 + 2 - s/1?
5
Let x = 3 - -2. Suppose x*q - 113 = -4*t + 93, 5*t + 56 = 2*q. List the prime factors of q.
2, 19
Let w = 7 + 3. Let x be (w - 8)*4/2. Suppose -5*q = -2*r - 3*r + 35, -x*q = 0. List the prime factors of r.
7
Suppose -4*d = -3*c - 0*d + 114, -2*c = 4*d - 96. List the prime factors of c.
2, 3, 7
Let f(q) be the second derivative of -q**4/12 + 7*q**3/6 + 5*q**2/2 - 4*q. What are the prime factors of f(4)?
17
Suppose -f = -2*f. Suppose 5*n + z - 93 = f, -n = 2*z - 19 - 5. What are the prime factors of n?
2, 3
Let y = -5 - -9. Suppose m + 3*k + 18 = y*m, -30 = -5*m - k. List the prime factors of m.
2, 3
Let c be 6/4*(-16)/(-12). Suppose -50 = -5*r + c*x - 16, -x = 2*r - 10. What are the prime factors of r?
2, 3
List the prime factors of 184*(1 - 3/12).
2, 3, 23
Let a(y) = -y + 7. Let m be a(-7). Let v(p) = 2*p - 8. Let k be v(8). Suppose -2*t = -m - k. List the prime factors of t.
11
Suppose 5*p - 309 = -2*y + 471, 5*y + 5*p = 1965. List the prime factors of y.
5, 79
Let n(j) = -5*j**2 + 4 + j**2 - j**3 + 5 + 6*j + j**2. List the prime factors of n(-5).
29
Suppose 4 = 4*k - 16. Suppose h - 5 = k. Suppose 2 = -2*b + h. What are the prime factors of b?
2
Let u(d) = -d**3 - d**2 + 11*d + 5. What are the prime factors of u(-5)?
2, 5
Let o(m) = m**3 - 4 + 0*m**3 + m**2 - 2*m**2. Let b be o(0). What are the prime factors of 36/21 - b/14?
2
Let k(p) = 2*p - 1. Let y be k(4). Suppose -1 = -2*x + y. Suppose 2*s = x*s - 10. What are the prime factors of s?
5
Suppose 3*l + s = 1, -4*l + 0*l + 5*s + 14 = 0. List the prime factors of 2 + (l - -2)/3.
3
Let o(g) = 5*g + 5. Let p be o(3). Suppose -5*t - 5 = 2*b - 46, p = b + 3*t. What are the prime factors of b?
23
Let b = 2 - 1. Let j be (5 - (-2)/(-1))*b. What are the prime factors of 2/j + (-50)/(-6)?
3
Let a(b) = 5*b**2 - 3. What are the prime factors of a(-3)?
2, 3, 7
Let t be ((-1)/(-3))/(8/96). Suppose -3*n + 127 = 5*d, n - t*d = -0 + 14. List the prime factors of n.
2, 17
Let n(y) = 8*y - 2. Let s be n(4). Let m = s + -10. List the prime factors of m.
2, 5
Suppose 135*u + 200 = 136*u. What are the prime factors of u?
2, 5
Let j = 9 - -2. Suppose -d - 2 = -j. What are the prime factors of d?
3
Let s(q) = q**2 + 5*q + 4. Let p be s(-3). Let k be 219/9 - p/3. Suppose 3*h - 5 = k. 